 digit of 764?
6
What is the thousands digit of 16099?
6
What is the hundreds digit of 4306?
3
What is the hundreds digit of 172?
1
What is the units digit of 14336?
6
What is the ten thousands digit of 26024?
2
What is the hundreds digit of 40593?
5
What is the thousands digit of 7407?
7
What is the tens digit of 2536?
3
What is the tens digit of 984?
8
What is the tens digit of 1028?
2
What is the hundreds digit of 3175?
1
What is the hundreds digit of 24950?
9
What is the units digit of 12610?
0
What is the thousands digit of 29386?
9
What is the thousands digit of 1420?
1
What is the tens digit of 112871?
7
What is the tens digit of 480?
8
What is the units digit of 388?
8
What is the hundreds digit of 15313?
3
What is the tens digit of 75334?
3
What is the hundreds digit of 11190?
1
What is the thousands digit of 17721?
7
What is the units digit of 2200?
0
What is the thousands digit of 22680?
2
What is the tens digit of 14313?
1
What is the tens digit of 114187?
8
What is the hundreds digit of 166264?
2
What is the thousands digit of 94714?
4
What is the units digit of 1297?
7
What is the hundreds digit of 3011?
0
What is the units digit of 70189?
9
What is the thousands digit of 5894?
5
What is the thousands digit of 7535?
7
What is the thousands digit of 17335?
7
What is the thousands digit of 3389?
3
What is the tens digit of 3398?
9
What is the units digit of 2558?
8
What is the thousands digit of 1748?
1
What is the tens digit of 916?
1
What is the hundreds digit of 151?
1
What is the units digit of 37607?
7
What is the tens digit of 12055?
5
What is the units digit of 246?
6
What is the tens digit of 338?
3
What is the thousands digit of 2149?
2
What is the thousands digit of 15966?
5
What is the units digit of 1023?
3
What is the thousands digit of 36806?
6
What is the thousands digit of 1000?
1
What is the ten thousands digit of 12162?
1
What is the ten thousands digit of 29232?
2
What is the tens digit of 18137?
3
What is the ten thousands digit of 83422?
8
What is the units digit of 92981?
1
What is the tens digit of 1840?
4
What is the tens digit of 7821?
2
What is the tens digit of 3440?
4
What is the ten thousands digit of 87913?
8
What is the units digit of 17768?
8
What is the hundreds digit of 2286?
2
What is the ten thousands digit of 26623?
2
What is the hundreds digit of 2886?
8
What is the thousands digit of 17388?
7
What is the tens digit of 101?
0
What is the thousands digit of 9177?
9
What is the tens digit of 34134?
3
What is the tens digit of 110068?
6
What is the thousands digit of 6223?
6
What is the units digit of 5979?
9
What is the tens digit of 2303?
0
What is the ten thousands digit of 14347?
1
What is the hundreds digit of 662?
6
What is the units digit of 111586?
6
What is the ten thousands digit of 18491?
1
What is the thousands digit of 1319?
1
What is the units digit of 87707?
7
What is the tens digit of 101?
0
What is the hundreds digit of 1594?
5
What is the units digit of 1825?
5
What is the ten thousands digit of 13115?
1
What is the tens digit of 11490?
9
What is the tens digit of 2982?
8
What is the tens digit of 9676?
7
What is the tens digit of 10452?
5
What is the tens digit of 3093?
9
What is the tens digit of 5751?
5
What is the hundreds digit of 7892?
8
What is the units digit of 62971?
1
What is the hundreds digit of 512?
5
What is the units digit of 57470?
0
What is the tens digit of 377?
7
What is the units digit of 4714?
4
What is the tens digit of 1669?
6
What is the hundreds digit of 19296?
2
What is the units digit of 24005?
5
What is the hundreds digit of 175549?
5
What is the ten thousands digit of 15066?
1
What is the units digit of 2020?
0
What is the hundreds digit of 22056?
0
What is the units digit of 6460?
0
What is the hundreds digit of 1771?
7
What is the units digit of 873?
3
What is the thousands digit of 1731?
1
What is the tens digit of 958?
5
What is the thousands digit of 65581?
5
What is the tens digit of 618?
1
What is the units digit of 5607?
7
What is the hundreds digit of 21147?
1
What is the thousands digit of 51282?
1
What is the thousands digit of 8017?
8
What is the units digit of 743?
3
What is the tens digit of 73227?
2
What is the tens digit of 4852?
5
What is the thousands digit of 15082?
5
What is the tens digit of 458?
5
What is the thousands digit of 3168?
3
What is the units digit of 869?
9
What is the hundreds digit of 5736?
7
What is the thousands digit of 13978?
3
What is the units digit of 4153?
3
What is the hundreds digit of 8941?
9
What is the units digit of 1630?
0
What is the tens digit of 20286?
8
What is the thousands digit of 61192?
1
What is the hundreds digit of 5835?
8
What is the units digit of 191?
1
What is the ten thousands digit of 36986?
3
What is the units digit of 278?
8
What is the ten thousands digit of 11513?
1
What is the ten thousands digit of 22993?
2
What is the thousands digit of 8620?
8
What is the tens digit of 71842?
4
What is the thousands digit of 15766?
5
What is the units digit of 615?
5
What is the hundreds digit of 89973?
9
What is the tens digit of 1439?
3
What is the thousands digit of 120766?
0
What is the thousands digit of 10398?
0
What is the thousands digit of 1393?
1
What is the hundreds digit of 46796?
7
What is the thousands digit of 5414?
5
What is the tens digit of 7667?
6
What is the tens digit of 30?
3
What is the hundreds digit of 1568?
5
What is the hundreds digit of 413?
4
What is the tens digit of 54987?
8
What is the tens digit of 69?
6
What is the hundreds digit of 19664?
6
What is the tens digit of 48724?
2
What is the units digit of 1626?
6
What is the units digit of 92384?
4
What is the ten thousands digit of 30246?
3
What is the hundreds digit of 14397?
3
What is the units digit of 26257?
7
What is the hundreds digit of 1251?
2
What is the units digit of 185867?
7
What is the tens digit of 3775?
7
What is the thousands digit of 4166?
4
What is the thousands digit of 4680?
4
What is the hundreds digit of 82283?
2
What is the hundreds digit of 50981?
9
What is the tens digit of 188607?
0
What is the hundreds digit of 75727?
7
What is the tens digit of 63?
6
What is the thousands digit of 13146?
3
What is the hundreds digit of 5592?
5
What is the thousands digit of 19171?
9
What is the tens digit of 6180?
8
What is the hundreds digit of 3114?
1
What is the hundreds digit of 276?
2
What is the ten thousands digit of 13013?
1
What is the units digit of 3535?
5
What is the tens digit of 8351?
5
What is the units digit of 4193?
3
What is the hundreds digit of 4636?
6
What is the ten thousands digit of 68213?
6
What is the tens digit of 30?
3
What is the tens digit of 30618?
1
What is the units digit of 11669?
9
What is the hundreds digit of 46808?
8
What is the units digit of 1518?
8
What is the units digit of 2781?
1
What is the tens digit of 883?
8
What is the thousands digit of 8426?
8
What is the tens digit of 586?
8
What is the thousands digit of 1338?
1
What is the units digit of 3029?
9
What is the thousands digit of 2152?
2
What is the tens digit of 930?
3
What is the tens digit of 125336?
3
What is the units digit of 1323?
3
What is the hundreds digit of 8956?
9
What is the thousands digit of 8115?
8
What is the units digit of 77?
7
What is the thousands digit of 1093?
1
What is the ten thousands digit of 50322?
5
What is the units digit of 80536?
6
What is the units digit of 68065?
5
What is the tens digit of 2720?
2
What is the thousands digit of 11609?
1
What is the units digit of 42247?
7
What is the units digit of 3707?
7
What is the hundreds digit of 15616?
6
What is the tens digit of 7666?
6
What is the units digit of 8304?
4
What is the thousands digit of 6742?
6
What is the units digit of 516?
6
What is the units digit of 16914?
4
What is the tens digit of 3781?
8
What is the units digit of 1188?
8
What is the thousands digit of 1150?
1
What is the tens digit of 25605?
0
What is the tens digit of 931?
3
What is the hundreds digit of 760?
7
What is the ten thousands digit of 29335?
2
What is the hundreds digit of 13436?
4
What is the units digit of 691?
1
What is the ten thousands digit of 11942?
1
What is the tens digit of 48680?
8
What is the hundreds digit of 4183?
1
Wh